prime factors of b?
2, 5, 4493
Suppose 3*k - 2*u = 2*k + 48760, 4*k + 3*u = 195007. What are the prime factors of k?
2, 19, 1283
Suppose -6*t = 4*h - 7*t - 18, -4*h - 3*t + 10 = 0. Suppose 5320 = h*l + 884. What are the prime factors of l?
1109
Let f = -105347 + 149963. List the prime factors of f.
2, 3, 11, 13
Let d(p) = p + 5. Let u be d(-6). Let z(q) = 5*q**2 + q - 1. Let c be z(u). List the prime factors of c*(-1)/(-3) + (-366)/(-6).
2, 31
Let s be 5/(-2)*8/(-5). Let x = 6 - s. List the prime factors of 53 + -9 - x/2.
43
Let q = -772 - -1103. Suppose 5*t - 3*c - 269 = 1294, t = -4*c + q. What are the prime factors of t?
3, 5, 7
Let n be ((-14)/(1 - 3))/1. Suppose 160 = n*o - 239. What are the prime factors of o?
3, 19
Suppose -3*r - 746 = -2*t, 6*r + 4*t = 10*r + 996. Let c = -177 - r. List the prime factors of c.
71
Suppose -5*h = -10, 4*h - 702 = -f - 299. Let q = f + -184. Let t = 313 - q. What are the prime factors of t?
2, 3, 17
Let w(m) = -m**3 + 16*m**2 - 10*m + 17. Let t be (-5)/(1 - ((-27)/(-6) - 1)). Suppose t - 62 = -4*v. What are the prime factors of w(v)?
2, 23
Let f(l) = 98*l**2 + 55*l - 98. List the prime factors of f(-9).
5, 13, 113
Let n(y) = 3*y**3 + 3*y**2 - y - 1. Let x be n(2). Suppose -x*j - 155 = -38*j. List the prime factors of j.
31
Suppose 0 = 2*b + 48 + 6. Let t = b - -31. List the prime factors of (76/(-57))/(t/(-66)).
2, 11
Let j(p) = -23*p - 13. Let g be (4/(-10) + 0)*-5 - 3. List the prime factors of j(g).
2, 5
Let v be -3*3/(-27)*(-1 + 1). Suppose 2*t - 4 = -5*g, -5*g - 10 = -v*t - 5*t. What are the prime factors of ((-285)/(-10))/(t/12)?
3, 19
Let u(d) = -2*d**2 - 8*d + 5. Let a be u(-5). Let w be 4 + -2 + (-3)/1 + a. List the prime factors of ((-33)/4)/(w/64).
2, 11
Suppose 4*z - 766 = 474. Let b = z - -244. List the prime factors of b.
2, 277
Suppose -4*h = -5*t - 285, 4*t = -2*h - 3*h - 228. Let i = t - -52. Let c(j) = 7*j**2 + 9*j + 8. List the prime factors of c(i).
2, 3, 23
Suppose 4*j = -d + 10, d - 3*j - 21 = -3*d. Let i(m) = -3*m - 9. Let l be i(d). List the prime factors of (l/6)/((-4)/8).
3
Let z(h) = -9*h + 2*h - 3 + 14 + 3. Let l be z(-9). Let f = 104 + l. List the prime factors of f.
181
Let q(u) = u**3 + 4*u**2 + u + 4. Let h be q(-4). Let b(c) = 6*c**2 + 2*c - 20. Let s be b(-5). Suppose -3*v + s = -h*v. List the prime factors of v.
2, 5
Suppose -111*m + 5*h = -114*m + 39892, 0 = -3*m + 4*h + 39874. List the prime factors of m.
2, 17, 23
Let f(t) = -6*t**3 + t**2 + 3*t + 12. Let n be f(-4). Suppose -14*j + n = -10*j. What are the prime factors of j?
2, 5
Let y = -1 - -3. Suppose -12*s - 12 = -3*j - 8*s, 4*s = 0. Suppose -j*i + 158 = -y*i. List the prime factors of i.
79
Let s = 111 + -94. Suppose -h + 8 = t + t, -3*t - 4*h = -s. Suppose -4*c = m + m - 346, -15 = -t*m. What are the prime factors of c?
2, 3, 7
Let z be (-4)/4 + 1 + 21. Let u(b) = b**2 - 23*b + 108. What are the prime factors of u(z)?
2, 3, 11
Suppose -92*o = -115*o + 552. Suppose 4*a = 399 + 233. Suppose 2*x - a = -o. List the prime factors of x.
67
Suppose l = -3*l + 192. Suppose l = 14*o - 15*o. Let p = 47 - o. List the prime factors of p.
5, 19
Suppose q = b - 39 + 326, -4*b - 859 = -3*q. Let t = q - 46. List the prime factors of t.
3
Suppose 0 = -5*m - 5*x + 248150, 159947 = -5*m + 2*x + 408069. What are the prime factors of m?
2, 3, 919
Let i(j) = j**3 + 81*j**2 - 110*j - 523. What are the prime factors of i(-76)?
3, 12239
Let x = -975 - -2368. Suppose -4*l = -3*f - x, -2*l + 2*f + 1750 = 3*l. What are the prime factors of l?
2, 11
Let w(h) = -2*h**3 - 3*h**2 - 3*h - 1. Let b be 305/25 - (-2)/30*-3. Suppose b*n - 8 = 14*n. List the prime factors of w(n).
7, 13
Suppose 0 = -14*q + 3648 - 470. What are the prime factors of q?
227
Let x(z) = 27*z**3 - 7*z**2 - 10*z - 3. Let m be x(-1). Let b = 1169 + m. List the prime factors of b.
2, 571
Let a = 112 + -106. List the prime factors of 281*(3 + (5 - (a + 0))).
2, 281
Let p = 3240 + -2534. What are the prime factors of p?
2, 353
Suppose 3*u = 2*u - 5, 2*k = u - 11. Let w be k/6*(2 + -8). Suppose w = -5*v + 6*v. List the prime factors of v.
2
Let g be (-11)/(-5) - (24/(-30) + 1). Suppose j - 129 = -2*z + 1379, -j + 1492 = -g*z. List the prime factors of j.
2, 3, 5
Let r(w) be the second derivative of w**4/12 - w**3/6 - 17*w**2/2 + 16*w. Suppose 3*a + o + 21 = 0, 0 = -a - o + 5*o - 20. What are the prime factors of r(a)?
5, 11
Let h(f) = -6*f**2 - 9*f + 12. Let p(a) = a. Let r(n) = -h(n) - 4*p(n). What are the prime factors of r(3)?
3, 19
Let d = 49678 - 20515. What are the prime factors of d?
3, 9721
Let w be (0 + 20/(-6))*(-9)/6. Let u be w + 1 + -5 + 0 + 5. Suppose -u*z + 2*z = -672. What are the prime factors of z?
2, 3, 7
Let h(x) be the second derivative of x**5/20 + 17*x**4/12 - 5*x**3/2 + 23*x**2 + 9*x - 2. What are the prime factors of h(-13)?
7, 131
What are the prime factors of ((-5976)/48)/((-4)/24)?
3, 83
What are the prime factors of (-1)/(2/26754*-3)?
7, 13
Suppose -3*q - 11*l + 16*l + 38 = 0, -2*q - 2*l + 4 = 0. Let h(a) = -a**3 + 6 + 2*a - 3*a + 5*a**2 + 4*a**2 - a**2. What are the prime factors of h(q)?
2, 3
Let w = -77 + 80. Let z(t) = 4*t**2 - 8*t + 14. Let b be z(4). Suppose -3*v = 3*s - 78, w*v - 4*s = v + b. What are the prime factors of v?
5
Suppose 4*z - 1492 = -4660. Let s = z + 1400. List the prime factors of s.
2, 19
Suppose 10*l + 380 = 12*l. Let m be 1393/3 - 4/(-6). Suppose 2*y = -q + l, -y - m = -5*q + 452. What are the prime factors of q?
2, 23
Let j(g) = 11*g + 331. Suppose d - 9*d + 7*d = 0. List the prime factors of j(d).
331
Let r(l) = -9*l**2 + 4*l - 9. Let n(q) = q**2 - 2*q + 1. Let a(c) = -6*n(c) - r(c). Let w(h) = -2*h**2 + h. Let k be w(-1). What are the prime factors of a(k)?
2, 3
Let z = -123770 - -174978. List the prime factors of z.
2, 37, 173
Let g(v) = 2*v**2 + 21*v + 10. Let r(i) = -2*i**2 - 21*i - 12. Let b(u) = -3*g(u) - 4*r(u). List the prime factors of b(-12).
2, 3
Let l(a) = a**3 - 31*a**2 - 34*a + 64. Let q be l(32). Suppose -3*b - 15 = q, -21 = -4*i - 2*b - b. What are the prime factors of i?
3
Let g be (-1 - -43)/((-99)/(-30) + -3). Let q = g - 94. Let p = 125 - q. What are the prime factors of p?
79
Suppose -3*t - 324 = -57. Let h = -85 - t. Suppose -5*l = -3*q + 191, 4*l + 148 = h*q - 120. List the prime factors of q.
2, 3
Let g be (28/(-21))/4*(-15 - 0). Suppose -g*d + 16 = 1. Suppose 5*j - 51 = -x, 4*j - d*x + 6*x - 32 = 0. What are the prime factors of j?
11
Let i = -3500 - -5217. Suppose 4*w - 783 = -3*p + 260, -4*w - i = -5*p. What are the prime factors of p?
3, 5, 23
List the prime factors of -16 + (55801 - (-3 + -9)).
3, 7, 2657
Let j(c) = 3*c**2 + 122*c + 242. List the prime factors of j(-61).
3, 1321
Let r = -261 - -1031. Suppose -14*d + 25*d - r = 0. List the prime factors of d.
2, 5, 7
Let d = 14211 - 8114. What are the prime factors of d?
7, 13, 67
Let w be ((-10)/(-15))/((-17)/(-51)). Let q = -12 - -3. What are the prime factors of ((-2)/w)/(-3) - 87/q?
2, 5
Suppose 0 = 6*i - 7 + 43. List the prime factors of (5020/15 - 2)/((-2)/i).
2, 499
Let x(g) = g**3 + 3*g**2 - 9*g + 8. Let p(t) = -2*t**3 - 19*t**2 + 10*t - 5. Let f be p(-10). List the prime factors of x(f).
3
Let x = -294 + 299. Suppose 0 = -3*l, 4*l = -x*p - 0*l + 5985. What are the prime factors of p?
3, 7, 19
Suppose 26*g - 172257 = 6*g + 165823. List the prime factors of g.
2, 2113
Suppose -19 = -q - 4*v, q + 2*v = -q + 14. Let l(w) = 6*w - 12. Let j be l(q). Suppose 0 = -j*f - 3*f + 1566. List the prime factors of f.
2, 3, 29
Let b = -37 - -42. Let u be b - 86/18 - (-52)/9. Suppose -9*j - 2*c = -8*j - 122, 2*c = -u. List the prime factors of j.
2
Let w = 108990 - 65185. What are the prime factors of w?
5, 8761
Let t(q) = 24*q + 58*q + 38 + 20*q + 26 - 6*q. List the prime factors of t(6).
2, 5
Let p(d) = 2704*d**3 + 7*d**2 + 2*d - 5. List the prime factors of p(2).
11, 179
Let i = -5 - -8. Suppose -3*v - 2 = 2*b - 6, -4*b - 16 = 0. Suppose -v*o + 361 - 30 = -i*a, -4*a = 2*o - 160. List the prime factors of o.
2, 41
Let k(a) be the first derivative of 7/2*a**2 - 12 + 13/3*a**3 - 6*a. List the prime factors of k(3).
2, 3, 11
Suppose -4*g = 10376 - 26276. List the prime factors of g.
3, 5, 53
Let o(p) be the first derivative of 21*p**2/2 - 193*p -